**2 - 3*g + 5. Let p(y) = -6*y**3 + y**2 - 2*y + 3. Let w(k) = 3*h(k) - 5*p(k). What is w(1)?
-7
Let u(j) = -j - 2*j + 2*j + 2*j + 2. Suppose 41*n - 44*n + 6 = 0. Calculate u(n).
4
Let l(w) = 2*w + 7. Let q(m) = m + 3. Let a(i) = 4*l(i) - 10*q(i). Let c be a(-3). Let z(d) be the second derivative of -d**3/6 - d**2 - 2*d. What is z(c)?
-6
Let j(h) = 15*h + 64. Let f be j(-4). Let w(k) = 5 - 2*k**2 + 3*k**2 - 4*k + 1. Calculate w(f).
6
Let r(p) = 9*p - 31 + 4*p**2 + 29 - p**3 - 3*p. Let a = 4 + 1. Give r(a).
3
Let k = -1 - 3. Let o = -2 - k. Let r(p) be the first derivative of -p**2/2 + 2*p + 2. What is r(o)?
0
Let n(s) = -6*s**3 - 2*s**2 + 1. Let p be 4/((1 - 4) + 4) - 5. Give n(p).
5
Let f(o) = -o**3 - 3*o**2 + 6*o + 2. Let x(q) = q**3 - 4*q**2 - 2. Let i be x(4). Let n = -1 - i. Let u = n - 5. Calculate f(u).
-6
Let g(v) be the second derivative of v**4/12 - v**3/3 + v**2/2 + v. Let b = 8 + -8. Suppose -2*l - a + 3*a - 4 = 0, b = 5*l + a - 14. What is g(l)?
1
Let o(a) be the third derivative of 2/3*a**3 + 0 + 0*a - 1/24*a**4 - a**2. Calculate o(2).
2
Let r(k) be the first derivative of k**4/4 + 5*k**3/3 + k**2/2 - 4*k + 43. Determine r(-4).
8
Let k(o) = -o**2 + 3. Let v(d) = d**2 + d - 4. Let b(z) = -7*k(z) - 6*v(z). Give b(4).
-5
Let b(s) be the third derivative of s**6/120 - 7*s**5/60 - 7*s**4/24 - 11*s**3/6 - 26*s**2 - 1. Give b(8).
-3
Let v(n) = -11*n - 5. Let h(j) = -j - 1. Let q(o) = -4*h(o) + v(o). Let u be (-2 + -1)/((-12)/16). Suppose -3*x - f - 9 = -4*f, 10 = -2*x + u*f. Calculate q(x).
6
Let v(m) = m**3 + 5*m**2 + m - 5. Let y(q) = q**3 + 5*q**2 + 2*q - 4. Let s(g) = -2*v(g) + 3*y(g). What is s(-4)?
-2
Suppose 5*m = 2*y + 13 + 8, -6 = -2*m. Let x(k) = 3*k**2 + 5*k - 3. Let b(i) = -7*i**2 - 11*i + 6. Let w(c) = -2*b(c) - 5*x(c). Give w(y).
3
Let d(j) be the second derivative of j**4/12 - j**3 - j**2 - 2*j. Let v(r) be the first derivative of d(r). Calculate v(6).
6
Let o(t) = 3*t - 3*t**2 + 6 - 7*t - t + t**3. Suppose -6*z + 2*z = -16. What is o(z)?
2
Let k(s) = 12*s**3 + s**2 - 1. Let g(q) = -q**3 + 8*q**2 - 8*q + 6. Let i be g(7). What is k(i)?
-12
Let m be (2 + -2)/(4/(-2)). Suppose -b - 5 - 1 = m. Let p(s) be the first derivative of -s**2/2 - 4*s + 1. Give p(b).
2
Suppose -3*f + 1 = 3*n - 5, 0 = 2*n - 5*f - 4. Let v(c) = -4*c**2 - 2 - c**3 + c**n + 4*c**2. Determine v(0).
-2
Let h(s) be the second derivative of -s**5/20 + s**3/6 - s**2 + 3*s. Let l be h(-2). Let p(c) = -c + 7. Calculate p(l).
3
Let d(c) = -3 + 4 + 6*c**2 + c**3 - 2*c**2. Let a be (-3 + 1)/(2/9). Let k = -13 - a. Calculate d(k).
1
Let q(t) be the third derivative of -t**6/12 - t**5/60 - t**4/24 + 13*t**2. Determine q(-1).
10
Let b(l) be the second derivative of 1/12*l**4 + 3*l**2 + 0 - 7/6*l**3 + l. Give b(4).
-6
Let r(h) = h - 13. Suppose 9*n = 5*n + 40. Give r(n).
-3
Let y(c) = 3 - 3*c + 3*c**3 - 10 + 6*c**2 - 4*c**3. What is y(5)?
3
Let f(b) = -5*b**3 + 4*b**3 - b**2 + 435 - 434 + 0*b + b. What is f(0)?
1
Let q(j) be the first derivative of 2 + 1/3*j**3 + 1/2*j**2 - 1/4*j**4 - 3*j. Suppose 5*b - 3 - 1 = -c, -3*c = -12. What is q(b)?
-3
Let a(x) be the third derivative of x**5/60 - 7*x**4/24 + 15*x**2. Determine a(7).
0
Let h(y) = -y**2 + y + 6. Suppose n - 21 = -4*o + 16, -3*o = -2*n + 30. Let j = n + -21. Determine h(j).
6
Let a be 2/5 + (-33)/(-5). Let j(d) = -d + 3 + 3 + 4. Calculate j(a).
3
Let i be -4 - (15/(-3) + 2). Let u(r) be the first derivative of -2 - 1/2*r**2 - 5/3*r**3 + 0*r. Give u(i).
-4
Let o(h) = -h**3 + 6*h**2 - 7*h + 5. Let l = -5 + 43. Let r be l/8 + (-2)/(-8). Give o(r).
-5
Let r(h) = 3*h**3 - 2*h**2 + 5*h. Let v(x) = -8*x**3 + 6*x**2 - 14*x + 1. Let o(s) = -11*r(s) - 4*v(s). What is o(-3)?
2
Let r(c) be the first derivative of 5*c**2/2 - 5*c + 28. Give r(5).
20
Let b(n) = 4*n**2 - 1. Suppose 0 = 9*s - 5*s - 4. Determine b(s).
3
Let b = 15 - 10. Suppose w = -5*z - 11, 0*w - 3*w = -z - 15. Let n(o) = 5*o**2 - 6. Let d(m) = -6*m**2 - m + 7. Let l(s) = w*d(s) + 5*n(s). Determine l(b).
3
Let h(v) = -v**3 + 6*v**2 + v - 2. Suppose -t = -20 + 14. Determine h(t).
4
Let p = 8 - 4. Suppose v + 2*k + 1 = 2*v, 3*v + 4*k = 13. Let g(u) = 2*u**v - 2 - 3*u**2 + 3*u - 8*u - u**3. Determine g(p).
-6
Let z(s) = -s**2 + 3*s + 5. Let n(v) be the second derivative of -v**5/20 - v**4/3 - v**3/3 - 2*v**2 + 5*v. Let a = 5 - 9. Let j be n(a). What is z(j)?
1
Let z(q) be the first derivative of -1/4*q**4 - 7*q + 8 + 3/2*q**2 - 4/3*q**3. Suppose u - 2*c + 5 = 3*c, 3*u - 5*c = -15. Calculate z(u).
3
Let n(i) = -i**2 + 149*i + 2*i**2 - 151*i. What is n(2)?
0
Let d(q) = 6*q**2 + 6*q - 4. Let f(l) = 6*l**2 + 7*l - 5. Let h = -12 + 7. Let c(j) = h*f(j) + 6*d(j). Determine c(-1).
6
Let r(f) = 4*f - 1. Suppose 4*q + n = -3*n - 4, 5*q - 13 = n. Determine r(q).
7
Let y(r) = -r**2 + 10*r - 15. Let g be y(8). Let s(j) = 13*j. Calculate s(g).
13
Let i(j) = j**3 + j + 1. Let u be (-3)/(-2*(-1)/(-2)). Let b = u + -3. Calculate i(b).
1
Let v(h) be the first derivative of -h**3/3 - 3*h**2 - 3*h + 4. Let g be v(-5). Let u(x) = -2 - 3 - 2*x + x + g*x. Give u(4).
-1
Let c(y) = y**3 + y - 1. Let l(m) = -m**3 + 3*m**3 - 4*m + 5 - 5*m**3 - m**2. Let d(x) = 4*c(x) + l(x). Calculate d(0).
1
Let b be (-3)/(-27*2)*3. Let l(f) be the second derivative of b*f**3 + 2*f + 0 + 0*f**2. Give l(4).
4
Let n(z) = z**3 + 5*z**2 - 5*z + 5. Let q(s) = s**3 - s**2 + s - 1. Let t(f) = -n(f) - 5*q(f). Suppose 5*d - 5 = o - 5*o, 0 = -d + 4*o + 1. What is t(d)?
-6
Let d(c) = c - 16. Let k(h) = h - 16. Let r(f) = -4*d(f) + 3*k(f). Let i(x) = -x + 15. Let o(s) = -6*i(s) + 5*r(s). Suppose -3*q = -0*q. Calculate o(q).
-10
Suppose -4*u + 7 = 3. Let v be (-2 - -2)*u*1. Suppose 6*w = 3*f + 2*w + 15, v = -4*w. Let r(m) = -m**3 - 6*m**2 - 5*m - 5. Give r(f).
-5
Let c(b) = -5*b - 1. Let d(x) = -9*x - 2. Let k(r) = 5*c(r) - 3*d(r). Determine k(-5).
-9
Let n(g) = g**2 - 5*g - 1. Suppose 3 - 2 = -2*r - p, 16 = -2*r + 2*p. Let m(u) = -2*u - 3. Let k be m(r). Suppose -2*x + 20 = k*x. What is n(x)?
-5
Let j = 4 - -1. Suppose -2*s + 3 = -s. Let a(v) = -v + 2 - s*v - 4 + v**2. Determine a(j).
3
Suppose -8*d - 29 = 11. Let g(o) = -4*o**2 + 0*o**2 + 2 - 5*o**3 + 5*o + 4*o**3. What is g(d)?
2
Let v(r) = r**2 + 8*r - 4. Let s be v(-9). Let z(p) = p**3 - 5*p**2 + 1. Give z(s).
1
Let a(g) = 2*g + 90*g**2 - 2 - 84*g**2 + 3. Give a(-2).
21
Let f(t) be the second derivative of -t**3/3 - 2*t**2 - t. Suppose -25 = 5*k - 40. Give f(k).
-10
Suppose -3*y + y = 5*p + 30, 4*p + 18 = -y. Let f be 3/(-2)*y/3. Let m = -2 + f. Let h(j) = -j**2 + j - 3. What is h(m)?
-9
Let u(c) be the first derivative of 3/2*c**2 + 1 - 1/3*c**3 + 4*c. Suppose 38 = 3*n + 5*t - 2, 4*t - 20 = 0. Determine u(n).
-6
Let a(r) = r. Let u(h) = h + 3. Let j(w) = -3*a(w) + u(w). Determine j(2).
-1
Let u(t) = t**2 - 5*t + 4. Let l be u(4). Let h(j) = 0 + 2 - 3*j + 4*j + j**3 - j**2. Determine h(l).
2
Let g(d) = 16*d - 23*d + 11*d + d**2 - 2*d**2. What is g(3)?
3
Suppose -5*c + 1 = 4*h + 18, -3*c - h - 6 = 0. Let g(r) = 19*r**3 + 2*r**2 - 1. Give g(c).
-18
Let t(j) = -4*j - 404*j**2 + 405*j**2 + 11*j. Give t(-5).
-10
Let l(b) = 3 + b**2 + b - 2*b**2 - b**3 + 3*b. Give l(-3).
9
Suppose -f + 13 = 3*b, 0 = 3*b + 3*f - 9 - 0. Let k = -10 - -16. Let j(h) = -6 - h**3 - 2*h**2 + k*h + 5*h**2 + h**2. Determine j(b).
-1
Let y(v) = -2*v + 1. Let n = -7 - -11. Let q(f) = -f. Let g be q(-2). Suppose -7*u + 6 = -5*o - 3*u, 16 = n*o + g*u. What is y(o)?
-3
Suppose -9*f + 4*f = 25. Let d(q) = -2*q - 1. Calculate d(f).
9
Let f(j) = 30 + 5*j**2 - 54 + j**3 + 21 - 5*j - j. Give f(-6).
-3
Let k(c) = 6*c**3 - 21*c**2 - c + 21. Let z(f) = -f**3 + 4*f**2 - 4. Let r(v) = -2*k(v) - 11*z(v). Determine r(-2).
-2
Let a(m) = m - 2 - 1 - 7. Let l = -5 + 8. Suppose 0 = -3*k + 3*w + 12, l*w = -k - w + 9. What is a(k)?
-5
Let a(c) be the third derivative of -c**4/12 + c**3/6 + 2*c**2 - c. Calculate a(-7).
15
Suppose 0 = -4*y + 8 + 4. Let m(d) be the second derivative of 1/2*d**2 + 1/6*d**y - 3*d + 0. What is m(-3)?
-2
Let f(q) = -2*q - 3 + 3*q - 1. Suppose 5*w + 0 - 15 = 0. Determine f(w).
-1
Let q(i) = 4*i + i**2 + 1 - 6*i - 4*i. Calculate q(5).
-4
Let u(d) = -1. Let n(l) = -2*l - 4 + 5*l - l. Let z(g) = n(g) - 3*u(g). Determine z(-2).
-5
Let z(o) be the second derivative of -o**5/20 + o**4/4 + o**